{"id":29,"date":"2021-04-22T08:45:47","date_gmt":"2021-04-22T08:45:47","guid":{"rendered":"http:\/\/rowneszanse.data-serwis.com.pl\/?page_id=29"},"modified":"2024-01-21T11:08:40","modified_gmt":"2024-01-21T11:08:40","slug":"mesmerize","status":"publish","type":"page","link":"https:\/\/rowneszanse.lubin.pl\/","title":{"rendered":"Front Page"},"content":{"rendered":"<div  data-label=\"Statut\" data-id=\"overlappable--1\" data-export-id=\"overlappable-4\" data-category=\"overlappable\" class=\"overlappable-4 content-section content-section-spacing\" data-overlap=\"true\" id=\"statut\" style=\"background-color: rgb(255, 255, 255);\"><div  class=\"gridContainer\"> <div  data-type=\"row\" class=\"row spaced-cols text-center\"><div  class=\"col-xs-12 col-sm-4 col-padding col-md-12 \"> <a data-cp-link=\"1\" href=\"https:\/\/rowneszanse.lubin.pl\/wp-content\/uploads\/2021\/05\/statut.pdf\" target=\"_self\" rel=\"noopener\" class=\"\"><i  class=\"fa icon shadow-large-black aligncenter color1 fa-align-justify reverse round large\"><\/i><\/a> <div  data-type=\"column\" class=\"\"><h1  class=\"\">STATUT<\/h1>  <\/div> <\/div>  <\/div> <\/div><\/div><div  data-label=\"Co Nowego\" data-id=\"latest_news--1\" data-export-id=\"blog-section\" data-category=\"latest_news\" class=\"blog-section blog-section-standard content-section content-section-spacing\" id=\"co-nowego\" style=\"background-color: rgb(245, 250, 253); background-image: none;\"><div  class=\"\"> <div  class=\"row\"><div  data-type=\"column\" class=\"section-title-col\"> <h2  class=\"\">NEWS<\/h2> <\/div> <\/div> <div  class=\"row\"> <div  data-type=\"row\" data-dynamic-columns=\"handled\" data-content-shortcode=\"mesmerize_latest_news columns=&quot;4&quot; \">\t\t<div class=\"row center-sm content-left-sm\">\n\t\t\t\t\t<div id=\"post-245\" class=\"col-sm-6 col-md-4 space-bottom space-bottom-xs\">\n\t\t\t\t<div class=\"post-content card y-move bordered\">\n\t\t\t\t\t<div class=\"post-thumbnail\">\n   <a href=\"https:\/\/rowneszanse.lubin.pl\/?p=245\" class=\"post-list-item-thumb \">\n      <img loading=\"lazy\" decoding=\"async\" width=\"1024\" height=\"768\" src=\"https:\/\/rowneszanse.lubin.pl\/wp-content\/uploads\/2022\/04\/278113439_4692651194196023_7701997430244089576_n-1024x768.jpg\" class=\"attachment-post-thumbnail size-post-thumbnail wp-post-image\" alt=\"\" srcset=\"https:\/\/rowneszanse.lubin.pl\/wp-content\/uploads\/2022\/04\/278113439_4692651194196023_7701997430244089576_n-1024x768.jpg 1024w, https:\/\/rowneszanse.lubin.pl\/wp-content\/uploads\/2022\/04\/278113439_4692651194196023_7701997430244089576_n-300x225.jpg 300w, https:\/\/rowneszanse.lubin.pl\/wp-content\/uploads\/2022\/04\/278113439_4692651194196023_7701997430244089576_n-768x576.jpg 768w, https:\/\/rowneszanse.lubin.pl\/wp-content\/uploads\/2022\/04\/278113439_4692651194196023_7701997430244089576_n.jpg 1125w\" sizes=\"(max-width: 1024px) 100vw, 1024px\" \/>   <\/a>\n<\/div>\n\t\t\t\t\t<div class=\"col-padding col-padding-xs\">\n\t\t\t\t\t\t<h3 class=\"post-title space-bottom-small\">\n\t\t\t\t\t\t\t<a href=\"https:\/\/rowneszanse.lubin.pl\/?p=245\" rel=\"bookmark\">\n\t\t\t\t\t\t\t\tMi\u0119dzypokoleniowe Dzia\u0142ania Tw\u00f3rcze\t\t\t\t\t\t\t<\/a>\n\t\t\t\t\t\t<\/h3>\n\t\t\t\t\t\t<p>Mi\u0142o nam poinformowa\u0107, i\u017c Stowarzyszenie Przyjaci\u00f3\u0142 i Rodzic\u00f3w Os\u00f3b Niepe\u0142nosprawnych \u201eR\u00f3wne Szanse\u201d w dniach: 28.03.2022r- 30.06.2022r. realizuje projekt, pt.: \u201e Mi\u0119dzypokoleniowe Dzia\u0142ania Tw\u00f3rcze\u201d wsp\u00f3\u0142finansowany przez Gmin\u0119 Miejsk\u0105 Lubin. Pierwsze spotkanie[&hellip;]<\/p>\n\t\t\t\t\t\t<a class=\"read-more link\" href=\"https:\/\/rowneszanse.lubin.pl\/?p=245\">\n\t\t\t\t\t\t\tRead more\t\t\t\t\t\t<\/a>\n\t\t\t\t\t<\/div>\n\t\t\t\t<\/div>\n\t\t\t<\/div>\n\t\t\t\t\t\t<div id=\"post-238\" class=\"col-sm-6 col-md-4 space-bottom space-bottom-xs\">\n\t\t\t\t<div class=\"post-content card y-move bordered\">\n\t\t\t\t\t<div class=\"post-thumbnail\">\n   <a href=\"https:\/\/rowneszanse.lubin.pl\/?p=238\" class=\"post-list-item-thumb \">\n      <img loading=\"lazy\" decoding=\"async\" width=\"1024\" height=\"681\" src=\"https:\/\/rowneszanse.lubin.pl\/wp-content\/uploads\/2022\/01\/nasze-zdrowie-1024x681.png\" class=\"attachment-post-thumbnail size-post-thumbnail wp-post-image\" alt=\"\" srcset=\"https:\/\/rowneszanse.lubin.pl\/wp-content\/uploads\/2022\/01\/nasze-zdrowie-1024x681.png 1024w, https:\/\/rowneszanse.lubin.pl\/wp-content\/uploads\/2022\/01\/nasze-zdrowie-300x200.png 300w, https:\/\/rowneszanse.lubin.pl\/wp-content\/uploads\/2022\/01\/nasze-zdrowie-768x511.png 768w, https:\/\/rowneszanse.lubin.pl\/wp-content\/uploads\/2022\/01\/nasze-zdrowie.png 1450w\" sizes=\"(max-width: 1024px) 100vw, 1024px\" \/>   <\/a>\n<\/div>\n\t\t\t\t\t<div class=\"col-padding col-padding-xs\">\n\t\t\t\t\t\t<h3 class=\"post-title space-bottom-small\">\n\t\t\t\t\t\t\t<a href=\"https:\/\/rowneszanse.lubin.pl\/?p=238\" rel=\"bookmark\">\n\t\t\t\t\t\t\t\t&#8222;Nasze zdrowie&#8221; o naszym programie\t\t\t\t\t\t\t<\/a>\n\t\t\t\t\t\t<\/h3>\n\t\t\t\t\t\t\t\t\t\t\t\t<a class=\"read-more link\" href=\"https:\/\/rowneszanse.lubin.pl\/?p=238\">\n\t\t\t\t\t\t\tRead more\t\t\t\t\t\t<\/a>\n\t\t\t\t\t<\/div>\n\t\t\t\t<\/div>\n\t\t\t<\/div>\n\t\t\t\t\t\t<div id=\"post-242\" class=\"col-sm-6 col-md-4 space-bottom space-bottom-xs\">\n\t\t\t\t<div class=\"post-content card y-move bordered\">\n\t\t\t\t\t<div class=\"post-thumbnail\">\n   <a href=\"https:\/\/rowneszanse.lubin.pl\/?p=242\" class=\"post-list-item-thumb \">\n      <img loading=\"lazy\" decoding=\"async\" width=\"1024\" height=\"510\" src=\"https:\/\/rowneszanse.lubin.pl\/wp-content\/uploads\/2022\/01\/loga-1-1024x510.jpg\" class=\"attachment-post-thumbnail size-post-thumbnail wp-post-image\" alt=\"\" srcset=\"https:\/\/rowneszanse.lubin.pl\/wp-content\/uploads\/2022\/01\/loga-1-1024x510.jpg 1024w, https:\/\/rowneszanse.lubin.pl\/wp-content\/uploads\/2022\/01\/loga-1-300x150.jpg 300w, https:\/\/rowneszanse.lubin.pl\/wp-content\/uploads\/2022\/01\/loga-1-768x383.jpg 768w, https:\/\/rowneszanse.lubin.pl\/wp-content\/uploads\/2022\/01\/loga-1-1536x766.jpg 1536w, https:\/\/rowneszanse.lubin.pl\/wp-content\/uploads\/2022\/01\/loga-1.jpg 1920w\" sizes=\"(max-width: 1024px) 100vw, 1024px\" \/>   <\/a>\n<\/div>\n\t\t\t\t\t<div class=\"col-padding col-padding-xs\">\n\t\t\t\t\t\t<h3 class=\"post-title space-bottom-small\">\n\t\t\t\t\t\t\t<a href=\"https:\/\/rowneszanse.lubin.pl\/?p=242\" rel=\"bookmark\">\n\t\t\t\t\t\t\t\tZako\u0144czenie projektu &#8222;Pomagamy profesjonalnie&#8221;\t\t\t\t\t\t\t<\/a>\n\t\t\t\t\t\t<\/h3>\n\t\t\t\t\t\t<p>\u201eFundacja Przysta\u0144 w \u015acinawie\u201d wraz ze Stowarzyszeniem Przyjaci\u00f3\u0142 i Rodzic\u00f3w Os\u00f3b Niepe\u0142nosprawnych \u201eR\u00f3wne Szanse\u201d w Lubinie zrealizowa\u0142y dwu letni projekt 2020-2021 pn. \u201ePomagamy profesjonalnie\u201d w ramach oferty wsp\u00f3lnej w zakresie[&hellip;]<\/p>\n\t\t\t\t\t\t<a class=\"read-more link\" href=\"https:\/\/rowneszanse.lubin.pl\/?p=242\">\n\t\t\t\t\t\t\tRead more\t\t\t\t\t\t<\/a>\n\t\t\t\t\t<\/div>\n\t\t\t\t<\/div>\n\t\t\t<\/div>\n\t\t\t\t<\/div>\n\t<\/div><\/div> <div  class=\"row\"><div  class=\"text-center\"> <a  class=\"button color1\" data-attr-shortcode=\"href:mesmerize_blog_link\" href=\"https:\/\/rowneszanse.lubin.pl\/?page_id=8\">Zobacz wi\u0119cej\u2026<\/a><\/div> <\/div><\/div><\/div><div  id=\"about-1\" style=\"background-color: rgb(255, 255, 255); background-image: none;\" data-label=\"About\" data-id=\"about-1\" data-export-id=\"about-1\" data-category=\"about\" class=\"about-1 content-section\"><div  class=\"gridContainer\"> <div  class=\"row text-center\"><div  class=\"section-title-col\" data-type=\"column\">  <h2  class=\"\">Kr\u00f3tka historia z dzia\u0142alno\u015bci Stowarzyszenia Przyjaci\u00f3\u0142 i Rodzic\u00f3w Os\u00f3b Niepe\u0142nosprawnych<\/h2> <p  class=\"lead\">Stowarzyszenie zosta\u0142o za\u0142o\u017cone z ko\u0144cem grudnia 2004 roku. W 2005 roku Stowarzyszenie kupi\u0142o od miasta nieruchomo\u015b\u0107 przy ulicy Kukuczki 39 (by\u0142a ulica Pawia) z obiektem w kt\u00f3rym dzia\u0142a\u0142o przedszkole. Budynek po wykonanej ekspertyzie przez bieg\u0142ego nie nadawa\u0142 si\u0119 do u\u017cytkowania, remontu a jedynie do wyburzenia. Budynek zosta\u0142 wyburzony w 2005 roku. Zacz\u0119to przygotowywa\u0107 dokumentacj\u0119 na budow\u0119 obiektu, kt\u00f3ry ma by\u0107 przeznaczony dla dzieci i m\u0142odzie\u017cy niepe\u0142nosprawnej.<br ><br ><br >W 2006 roku ze zgromadzonych \u015brodk\u00f3w wykonano nast\u0119puj\u0105ce prace przy budowie warsztat\u00f3w terapii zaj\u0119ciowej i \u015bwietlicy dziennego pobytu dla os\u00f3b niepe\u0142nosprawnych:<br ><br >rozprowadzenie sieci kanalizacyjnej na obiekcie<br >wykonanie przy\u0142\u0105cza instalacji wodnej i kanalizacyjnej<br >wykonanie p\u0142yty \u017celbetonowej, czyli tzw. Stanu \u201e0\u201d<br >wykonanie przy\u0142\u0105cza energetycznego, czyli tzw. docelowa skrzynka \u201eZetka\u201d.<br >Kolejne lata to okres w kt\u00f3rym dzi\u0119ki \u015brodkom uzyskanym od ludzi dobrej woli kontynuowano prace budowlane na obiekcie. Wystawione \u015bciany budynku pozwoli\u0142y po raz pierwszy zobaczy\u0107 zarys ca\u0142o\u015bci. Dopiero rok 2011 r. uzyskane dofinansowania, darowizny od os\u00f3b dla kt\u00f3rych los niepe\u0142nosprawnych nie jest oboj\u0119tny spowodowa\u0142 przy\u015bpieszenie prac.<br ><br >Uwie\u0144czeniem wieloletnich stara\u0144, wysi\u0142k\u00f3w w grudniu 2011 r. by\u0142o rozpocz\u0119cie dzia\u0142alno\u015bci Warsztat\u00f3w Terapii Zaj\u0119ciowej \u201ePromyk\u201d. R\u00f3wny rok p\u00f3\u017aniej powsta\u0142 Warsztat Terapii Zaj\u0119ciowej \u201eS\u0142oneczko\u201d.<br ><br >Stowarzyszenie prowadzi\u0142o dzia\u0142alno\u015b\u0107 w nast\u0119puj\u0105cych obszarach:<br ><br >rehabilitacja spo\u0142eczna os\u00f3b niepe\u0142nosprawnych upo\u015bledzonych umys\u0142owo, ruchowo i z niepe\u0142nosprawno\u015bciami sprz\u0119\u017conym,<br >wsp\u00f3\u0142praca z organizacjami i instytucjami w zakresie pomocy osobom niepe\u0142nosprawnym,<br >pomoc przy wype\u0142nianiu wniosk\u00f3w na turnusy rehabilitacyjne,<br >pomoc przy doborze sprz\u0119tu rehabilitacyjnego,<br >organizacja w Centrum Kultury Muza cyklicznych koncert\u00f3w charytatywnych wraz z warsztatami artystycznymi z udzia\u0142em wielu artyst\u00f3w tak z Polski jak i z zagranicy,<br >organizacja imprez z okazji dnia dziecka, miko\u0142ajk\u00f3w oraz innych uroczysto\u015bci w kt\u00f3rych bior\u0105 udzia\u0142 osoby niepe\u0142nosprawne,<br >organizacja spotka\u0144 wigilijnych, w kt\u00f3rych corocznie uczestniczy ponad 100 os\u00f3b,<br >warsztaty muzyki Gospel i koncertu charytatywnego, kt\u00f3rego go\u015bciem specjalnym byli wokali\u015bci o mi\u0119dzynarodowej s\u0142awie z Stan\u00f3w Zjednoczonych, Wielkiej Brytanii i inni,<br >wsp\u00f3\u0142praca z instytucjami zajmuj\u0105cymi si\u0119 osobami niepe\u0142nosprawnymi w powiecie i w mie\u015bcie.<br >Oraz wiele innych kt\u00f3rych nie spos\u00f3b tu wymieni\u0107.<\/p><h5  class=\"\">Zarz\u0105d<br >Prezes zarz\u0105du: Dariusz Jankowski<br ><br >Wiceprezes zarz\u0105du: Janusz Wojtasik<br ><br >Cz\u0142onek zarz\u0105du: Barbara Wolska<br ><br >Sekretarz: Danuta Je\u0142owicka<br ><br >Skarbnik: Danuta Klocek<br ><br >Komisja rewizyjna: Krystyna Rybarczyk, Bo\u017cena Stendera, Bo\u017cena Urban<br ><br >Kierownik Warsztatu Terapii Zaj\u0119ciowej \u201ePromyk\u201d: Jaros\u0142aw Przygodzki<br ><br >Kierownik Warsztatu Terapii Zaj\u0119ciowej \u201eS\u0142oneczko\u201d: Aneta Wi\u0119cek- Zab\u0142otna<\/h5><\/div> <\/div> <div  class=\"row\"> <div  class=\"button-holder space-bottom space-bottom-small\" data-type=\"column\"> <\/div> <div  class=\"col-xs bottom-xs flexbox image-group-bottom-3-img space-bottom-xs center-xs\"> <a data-cp-link=\"1\" href=\"http:\/\/ostoja.data-serwis.com.pl\" class=\"left-img-anchor\" target=\"_blank\" rel=\"noopener\"><img decoding=\"async\"  class=\"left-img shadow-large-black\" data-size=\"500x300\" src=\"https:\/\/rowneszanse.lubin.pl\/wp-content\/uploads\/2021\/04\/cropped-cropped-dom-pomocy-spolecznej-ostoja-Jankowski-otwarcie-2021-10.jpg\" title=\"cropped-cropped-dom-pomocy-spolecznej-ostoja-Jankowski-otwarcie-2021-10.jpg\" alt=\"\"><\/a> <img decoding=\"async\"  class=\"center-img shadow-large-black\" data-size=\"500x300\" src=\"https:\/\/rowneszanse.lubin.pl\/wp-content\/uploads\/2021\/04\/cropped-cropped-Bez-nazwy-3-1.png\" title=\"cropped-cropped-Bez-nazwy-3-1.png\" alt=\"\"> <a data-cp-link=\"1\" href=\"https:\/\/rowneszanse.lubin.pl\" class=\"right-img-anchor\" target=\"_blank\" rel=\"noopener\"><img decoding=\"async\"  class=\"right-img shadow-large-black\" data-size=\"500x300\" src=\"https:\/\/rowneszanse.lubin.pl\/wp-content\/uploads\/2021\/04\/cropped-1f.jpg\" title=\"cropped-1f.jpg\" alt=\"\"><\/a><\/div> <\/div><\/div> <\/div><div  id=\"wesprzyj-nas-krs\" data-label=\"Wesprzyj nas  KRS\" data-id=\"cta-blue-section\" data-export-id=\"cta-blue-section\" data-category=\"cta\" class=\"cta-blue-section content-section content-section-spacing-medium bg-color1 white-text\"><div  class=\"gridContainer\"> <div  class=\"row middle-xs\"><div  class=\"col-sm-8 space-bottom-xs\" data-type=\"column\"> <h2  class=\"\">Wesprzyj nas 1% podatku\n<br >Nasz KRS: 000223759<\/h2> <\/div> <div  class=\"col-sm-4 end-sm\" data-type=\"column\"> <\/div> <\/div><\/div> <\/div><div  id=\"zarzad-stowarzyszenia\" style=\"background-color: #ffffff;\" data-label=\"Zarzad Stowarzyszenia\" data-id=\"team-2\" data-export-id=\"team-2\" data-category=\"team\" class=\"team-2 content-section content-section-spacing\"><div  class=\"gridContainer\"> <div  class=\"row text-center\"><div  class=\"section-title-col\" data-type=\"column\"> <h2  class=\"\">ZARZ\u0104D STOWARZYSZENIA \u201eR\u00d3WNE SZANSE\u201d<\/h2> <\/div> <\/div> <div  class=\"row spaced-cols content-center-sm\" data-type=\"row\"> <div  class=\"col-sm-6 col-md-2 \"> <div  class=\"card y-move no-padding bordered\">  <div  data-type=\"column\" class=\"col-padding-small col-padding-small-xs description-container\"> <h4  class=\"font-500\">Dariusz Jankowski<\/h4> <p  class=\"small\" style=\"font-style: italic;\">Prezes<\/p> <div  class=\"social-icons-group\" data-type=\"group\"> <a href=\"#\" target=\"_self\" data-reiki-hidden=\"true\" rel=\"noopener\"><i  class=\"gray fa icon fa-facebook-square\"><\/i><\/a> <a href=\"#\" target=\"_self\" data-reiki-hidden=\"true\" rel=\"noopener\"><i  class=\"gray fa icon fa-twitter-square\"><\/i><\/a> <a href=\"#\" target=\"_self\" data-reiki-hidden=\"true\" rel=\"noopener\"><i  class=\"gray fa icon fa-linkedin-square\"><\/i><\/a> <a href=\"#\" target=\"_self\" data-reiki-hidden=\"true\" rel=\"noopener\"><i  class=\"gray fa icon fa-google-plus-square\"><\/i><\/a><\/div> <\/div><\/div> <\/div> <div  class=\"col-sm-6 col-md-2 \"> <div  class=\"card y-move no-padding bordered\">  <div  data-type=\"column\" class=\"col-padding-small col-padding-small-xs description-container\"> <h4  class=\"font-500\">&nbsp;Janusz Wojtasik<\/h4> <p  class=\"small\" style=\"font-style: italic;\">Wiceprezes<\/p> <div  class=\"social-icons-group\" data-type=\"group\"> <a href=\"#\" target=\"_self\" data-reiki-hidden=\"true\" rel=\"noopener\"><i  class=\"gray fa icon fa-facebook-square\"><\/i><\/a> <a href=\"#\" target=\"_self\" data-reiki-hidden=\"true\" rel=\"noopener\"><i  class=\"gray fa icon fa-twitter-square\"><\/i><\/a> <a href=\"#\" target=\"_self\" data-reiki-hidden=\"true\" rel=\"noopener\"><i  class=\"gray fa icon fa-linkedin-square\"><\/i><\/a> <a href=\"#\" target=\"_self\" data-reiki-hidden=\"true\" rel=\"noopener\"><i  class=\"gray fa icon fa-google-plus-square\"><\/i><\/a><\/div> <\/div><\/div> <\/div> <div  class=\"col-sm-6 col-md-2 \"> <div  class=\"card y-move no-padding bordered\">  <div  data-type=\"column\" class=\"col-padding-small col-padding-small-xs description-container\"> <h4  class=\"font-500\">Barbara Wolska&nbsp;<\/h4> <p  class=\"small\" style=\"font-style: italic;\">Cz\u0142onek Zarz\u0105du<\/p> <div  class=\"social-icons-group\" data-type=\"group\"> <a href=\"#\" target=\"_self\" data-reiki-hidden=\"true\" rel=\"noopener\"><i  class=\"gray fa icon fa-facebook-square\"><\/i><\/a> <a href=\"#\" target=\"_self\" data-reiki-hidden=\"true\" rel=\"noopener\"><i  class=\"gray fa icon fa-twitter-square\"><\/i><\/a> <a href=\"#\" target=\"_self\" data-reiki-hidden=\"true\" rel=\"noopener\"><i  class=\"gray fa icon fa-linkedin-square\"><\/i><\/a> <a href=\"#\" target=\"_self\" data-reiki-hidden=\"true\" rel=\"noopener\"><i  class=\"gray fa icon fa-google-plus-square\"><\/i><\/a><\/div> <\/div><\/div> <\/div> <div  class=\"col-sm-6 col-md-2 \"> <div  class=\"card y-move no-padding bordered\">  <div  data-type=\"column\" class=\"col-padding-small col-padding-small-xs description-container\"> <h4  class=\"font-500\">Danuta Je\u0142owicka<\/h4> <p  class=\"small\" style=\"font-style: italic;\">Sekretarz<\/p> <div  class=\"social-icons-group\" data-type=\"group\"> <a href=\"#\" target=\"_self\" data-reiki-hidden=\"true\" rel=\"noopener\"><i  class=\"gray fa icon fa-facebook-square\"><\/i><\/a> <a href=\"#\" target=\"_self\" data-reiki-hidden=\"true\" rel=\"noopener\"><i  class=\"gray fa icon fa-twitter-square\"><\/i><\/a> <a href=\"#\" target=\"_self\" data-reiki-hidden=\"true\" rel=\"noopener\"><i  class=\"gray fa icon fa-linkedin-square\"><\/i><\/a> <a href=\"#\" target=\"_self\" data-reiki-hidden=\"true\" rel=\"noopener\"><i  class=\"gray fa icon fa-google-plus-square\"><\/i><\/a><\/div> <\/div><\/div> <\/div> <div  class=\"col-sm-6 col-md-2 \"> <div  class=\"card y-move no-padding bordered\">  <div  data-type=\"column\" class=\"col-padding-small col-padding-small-xs description-container\"> <h4  class=\"font-500\">Danuta<br >Klocek<\/h4> <p  class=\"small\" style=\"font-style: italic;\">Skarbnik<\/p> <div  class=\"social-icons-group\" data-type=\"group\"> <a href=\"#\" target=\"_self\" data-reiki-hidden=\"true\" rel=\"noopener\"><i  class=\"gray fa icon fa-facebook-square\"><\/i><\/a> <a href=\"#\" target=\"_self\" data-reiki-hidden=\"true\" rel=\"noopener\"><i  class=\"gray fa icon fa-twitter-square\"><\/i><\/a> <a href=\"#\" target=\"_self\" data-reiki-hidden=\"true\" rel=\"noopener\"><i  class=\"gray fa icon fa-linkedin-square\"><\/i><\/a> <a href=\"#\" target=\"_self\" data-reiki-hidden=\"true\" rel=\"noopener\"><i  class=\"gray fa icon fa-google-plus-square\"><\/i><\/a><\/div> <\/div><\/div> <\/div>   <\/div> <\/div><\/div><div  data-label=\"Sponsorzy\" data-id=\"testimonials--1\" data-export-id=\"testimonials-1\" data-category=\"testimonials\" class=\"testimonials-1 content-section content-section-spacing\" id=\"sponsorzy\" style=\"background-color: rgb(245, 250, 253); background-image: none;\"><div  class=\"gridContainer\"> <div  class=\"row\"><div  data-type=\"column\" class=\"section-title-col\"> <h2  class=\"\">Firma Przyjaciele Kawy wspiera Stowarzyszenie R\u00f3wne Szanse<\/h2> <a data-cp-link=\"1\" href=\"https:\/\/www.przyjacielekawy.pl\" class=\"\" target=\"_self\" rel=\"noopener\"><img decoding=\"async\"  class=\"custom-image\" src=\"https:\/\/rowneszanse.lubin.pl\/wp-content\/uploads\/2021\/11\/3136.png\" title=\"ITS\" alt=\"\"><\/a><\/div> <\/div> <div  class=\"row spaced-cols content-center-sm center-sm\" data-type=\"row\"> <div  class=\"col-sm-4 col-md-12\">     <\/div>   <div  class=\"col-sm-4 col-md-12\">     <\/div><\/div><\/div> <\/div><div  data-label=\"Clients\" data-id=\"clients--1\" data-export-id=\"clients-4\" data-category=\"clients\" class=\"clients-4 content-section content-section-spacing-small\" id=\"clients-1\" style=\"background-color: rgb(245, 250, 253);\"><div  class=\"gridContainer\"> <div  class=\"row\"><div  data-type=\"column\" class=\"section-title-col\"> <h2  class=\"font-700\">Nasi przyjaciele<\/h2> <\/div> <\/div> <div  data-type=\"row\" class=\"row spaced-cols middle-xs center-xs space-bottom padding-lr\"> <div  class=\"col-xs-6 col-sm-2 col-md-3\"> <img decoding=\"async\"  src=\"https:\/\/rowneszanse.lubin.pl\/wp-content\/uploads\/2021\/06\/MPWiK-Lubin-logo.jpg\" class=\"\" title=\"MPWiK Lubin logo\" alt=\"\"><\/div> <div  class=\"col-xs-6 col-sm-2 col-md-3\"> <img decoding=\"async\"  src=\"https:\/\/rowneszanse.lubin.pl\/wp-content\/uploads\/2021\/06\/MPO-Lubin-logo.jpg\" class=\"\" title=\"MPO Lubin logo\" alt=\"\"><\/div> <div  class=\"col-xs-6 col-sm-2 col-md-3\"> <img decoding=\"async\"  src=\"https:\/\/rowneszanse.lubin.pl\/wp-content\/uploads\/2021\/06\/Mundo-Lubin-logo.jpg\" class=\"\" title=\"Mundo Lubin logo\" alt=\"\"><\/div> <div  class=\"col-xs-6 col-sm-2 col-md-3\"> <img decoding=\"async\"  src=\"https:\/\/rowneszanse.lubin.pl\/wp-content\/uploads\/2021\/06\/Termal-logo.png\" class=\"\" title=\"Termal logo\" alt=\"\"><\/div> <div  class=\"col-xs-6 col-sm-2 col-md-3\"> <img decoding=\"async\"  src=\"https:\/\/rowneszanse.lubin.pl\/wp-content\/uploads\/2021\/06\/wendre_logo_primary_CMYK-scaled.jpg\" class=\"\" title=\"wendre_logo_primary_CMYK\" alt=\"\"><\/div> <div  class=\"col-xs-6 col-sm-2 col-md-3\"> <img decoding=\"async\"  src=\"https:\/\/rowneszanse.lubin.pl\/wp-content\/uploads\/2021\/06\/logo_par-pol-na-strone-www-RGB-.jpg\" class=\"\" title=\"logo_par-pol na strone www RGB\" alt=\"\"><\/div> <div  class=\"col-xs-6 col-sm-2 col-md-3\"> <img decoding=\"async\"  src=\"https:\/\/rowneszanse.lubin.pl\/wp-content\/uploads\/2021\/06\/Logo-Novaerus.png\" class=\"\" title=\"Logo Novaerus\" alt=\"\"><\/div><div  class=\"col-xs-6 col-sm-2 col-md-3\"> <img decoding=\"async\"  src=\"https:\/\/rowneszanse.lubin.pl\/wp-content\/uploads\/2021\/06\/logo-Danlab-R-wersja-2.jpg\" class=\"\" title=\"logo Danlab R- wersja 2\" alt=\"\"><\/div><div  class=\"col-xs-6 col-sm-2 col-md-3\"> <img decoding=\"async\"  src=\"https:\/\/rowneszanse.lubin.pl\/wp-content\/uploads\/2021\/06\/image006.jpg\" class=\"\" title=\"image006\" alt=\"\"><\/div><div  class=\"col-xs-6 col-sm-2 col-md-3\"> <img decoding=\"async\"  src=\"https:\/\/rowneszanse.lubin.pl\/wp-content\/uploads\/2021\/06\/image001.jpg\" class=\"\" title=\"image001\" alt=\"\"><\/div><div  class=\"col-xs-6 col-sm-2 col-md-3\"> <img decoding=\"async\"  src=\"https:\/\/rowneszanse.lubin.pl\/wp-content\/uploads\/2021\/06\/gastrro-pl-definicja-gastronomii-male.jpg\" class=\"\" title=\"gastrro pl - definicja gastronomii - male\" alt=\"\"><\/div><div  class=\"col-xs-6 col-sm-2 col-md-3\"> <img decoding=\"async\"  src=\"https:\/\/rowneszanse.lubin.pl\/wp-content\/uploads\/2021\/06\/clovin-logo-1.jpg\" class=\"\" title=\"clovin-logo-1\" alt=\"\"><\/div><div  class=\"col-xs-6 col-sm-2 col-md-3\"> <a data-cp-link=\"1\" href=\"https:\/\/www.data-serwis.com.pl\" class=\"\" target=\"_blank\" rel=\"noopener\"><img decoding=\"async\"  src=\"https:\/\/rowneszanse.lubin.pl\/wp-content\/uploads\/2021\/06\/fb-profil.jpg\" class=\"\" title=\"fb profil\" alt=\"\"><\/a><\/div><div  class=\"col-xs-6 col-sm-2 col-md-3\"> <img decoding=\"async\"  src=\"https:\/\/rowneszanse.lubin.pl\/wp-content\/uploads\/2021\/06\/logo-1.png\" class=\"\" title=\"logo (1)\" alt=\"\"><\/div><div  class=\"col-xs-6 col-sm-2 col-md-3\"> <a data-cp-link=\"1\" href=\"https:\/\/www.itsscience.pl\" class=\"\" target=\"_self\" rel=\"noopener\"><img decoding=\"async\"  src=\"https:\/\/rowneszanse.lubin.pl\/wp-content\/uploads\/2021\/06\/image001-1.jpg\" class=\"\" title=\"firmascience\" alt=\"\"><\/a><\/div><div  class=\"col-xs-6 col-sm-2 col-md-3\"> <a data-cp-link=\"1\" href=\"https:\/\/pzzkrakow.com.pl\" class=\"\" target=\"_self\" rel=\"noopener\"><img decoding=\"async\"  src=\"https:\/\/rowneszanse.lubin.pl\/wp-content\/uploads\/2021\/06\/SMOK-PZZ-.bmp\" class=\"\" title=\"SMOK- PZZ\" alt=\"\"><\/a><\/div><div  class=\"col-xs-6 col-sm-2 col-md-3\"> <a data-cp-link=\"1\" href=\"https:\/\/sylveco.pl\" class=\"\" target=\"_self\" rel=\"noopener\"><img decoding=\"async\"  src=\"https:\/\/rowneszanse.lubin.pl\/wp-content\/uploads\/2021\/06\/Sylveco_logo-1.jpg\" class=\"\" title=\"Sylveco_logo-1\" alt=\"\"><\/a><\/div><\/div><\/div> <\/div><div  data-label=\"Features\" data-id=\"features--1\" data-export-id=\"features-13-card-bordered\" data-category=\"features\" class=\"features-13 content-section content-section-spacing\" id=\"features-1\" style=\"background-color: rgb(255, 255, 255);\"><div  class=\"gridContainer\"> <div  class=\"row text-center\"><div  class=\"section-title-col\" data-type=\"column\"> <h2  class=\"\">KONTAKT<\/h2> <\/div> <\/div> <div  class=\"row spaced-cols content-center-sm\" data-type=\"row\"> <div  class=\"col-sm-4\"> <div  class=\"card bordered y-move\" data-type=\"column\"> <i  class=\"fa icon color1 fa-home reverse round large\"><\/i> <h4  class=\"\">ADRES<\/h4> <p  class=\"\">ul. Pawia 39, \n<br ><br >59-300 Lubin<\/p> <\/div> <\/div> <div  class=\"col-sm-4\"> <div  class=\"card bordered y-move\" data-type=\"column\"> <i  class=\"fa icon color1 fa-phone reverse round large\"><\/i> <h4  class=\"\">TELEFON<\/h4> <p  class=\"\">76 842 00 21<\/p> <\/div> <\/div> <div  class=\"col-sm-4\"> <div  class=\"card bordered y-move\" data-type=\"column\"> <i  class=\"fa icon color1 fa-envelope reverse round large\"><\/i> <h4  class=\"\">E-MAIL<\/h4> <p  class=\"\">rowne@rowneszanse.lubin.pL<\/p> <\/div> <\/div><\/div> <\/div><\/div>","protected":false},"excerpt":{"rendered":"<p>STATUT NEWS Zobacz wi\u0119cej\u2026 Kr\u00f3tka historia z dzia\u0142alno\u015bci Stowarzyszenia Przyjaci\u00f3\u0142 i Rodzic\u00f3w Os\u00f3b Niepe\u0142nosprawnych Stowarzyszenie zosta\u0142o za\u0142o\u017cone z ko\u0144cem grudnia 2004 roku. W 2005 roku Stowarzyszenie kupi\u0142o od miasta nieruchomo\u015b\u0107 przy ulicy Kukuczki 39 (by\u0142a ulica Pawia) z obiektem w kt\u00f3rym dzia\u0142a\u0142o przedszkole. Budynek po wykonanej ekspertyzie przez bieg\u0142ego nie nadawa\u0142 si\u0119 do u\u017cytkowania, remontu&hellip; <br \/> <a class=\"read-more\" href=\"https:\/\/rowneszanse.lubin.pl\/?p=242\">Dowiedz si\u0119 wi\u0119cej<\/a><\/p>\n","protected":false},"author":1,"featured_media":0,"parent":0,"menu_order":0,"comment_status":"closed","ping_status":"closed","template":"page-templates\/homepage.php","meta":{"footnotes":""},"_links":{"self":[{"href":"https:\/\/rowneszanse.lubin.pl\/index.php?rest_route=\/wp\/v2\/pages\/29"}],"collection":[{"href":"https:\/\/rowneszanse.lubin.pl\/index.php?rest_route=\/wp\/v2\/pages"}],"about":[{"href":"https:\/\/rowneszanse.lubin.pl\/index.php?rest_route=\/wp\/v2\/types\/page"}],"author":[{"embeddable":true,"href":"https:\/\/rowneszanse.lubin.pl\/index.php?rest_route=\/wp\/v2\/users\/1"}],"replies":[{"embeddable":true,"href":"https:\/\/rowneszanse.lubin.pl\/index.php?rest_route=%2Fwp%2Fv2%2Fcomments&post=29"}],"version-history":[{"count":43,"href":"https:\/\/rowneszanse.lubin.pl\/index.php?rest_route=\/wp\/v2\/pages\/29\/revisions"}],"predecessor-version":[{"id":295,"href":"https:\/\/rowneszanse.lubin.pl\/index.php?rest_route=\/wp\/v2\/pages\/29\/revisions\/295"}],"wp:attachment":[{"href":"https:\/\/rowneszanse.lubin.pl\/index.php?rest_route=%2Fwp%2Fv2%2Fmedia&parent=29"}],"curies":[{"name":"wp","href":"https:\/\/api.w.org\/{rel}","templated":true}]}}